 h + 4 + 3 = 0. Is h - -14 - 4 - (-739 + -1) a prime number?
True
Let a(s) = 15*s**2 - 39*s - 101. Is a(35) a composite number?
True
Suppose o + 3*j - 1269 = 7*j, 0 = o + 3*j - 1234. Is o a composite number?
False
Let j = -64 + 72. Is (4/j)/(-4*(-4)/44224) prime?
False
Suppose 3*x - 32 = f - 6*f, 12 = -2*f + 5*x. Suppose -3*k - 22637 = -f*g, 2*k - 25 = -3*k. Is g a prime number?
False
Suppose -8 = 4*y, 3*a = 3*y + 14 + 28. Suppose -a*m = -9*m - 2667. Is m composite?
True
Suppose 12*v - 1363 - 377 = 0. Is v a prime number?
False
Suppose 2*b - 2 - 2 = 0. Let a = b - -1. Suppose 3*h + a*o = 196 + 128, -3*h + 331 = -4*o. Is h a prime number?
True
Suppose -2*s + 2 = -4*l, 0 = 5*l - 2*s + 3*s - 15. Let j be 309 - (-1 - l)/3. Suppose 3*n - 3*g - 487 = -2*g, -2*n + j = 3*g. Is n prime?
False
Suppose 0 = -2*x - t + 6779, 3*x - 3*t - 10164 = -0*x. Is x prime?
True
Let f = 38 - -13. Suppose -l = -9 - f. Suppose 3*p + d = 115, 2*p - 5*d + 6 - l = 0. Is p a prime number?
True
Suppose -98049 + 26406 = -39*s. Is s prime?
False
Suppose -10*l + 5*l = -n - 34179, 3*l = 2*n + 20513. Is l composite?
True
Let w = 577 + -153. Suppose w + 85 = z. Is z prime?
True
Let u(l) = l**2 + 5*l - 18. Let k be u(-8). Is 1*(634 + 3/k*-6) composite?
False
Let u(n) be the first derivative of -n**4/4 - 5*n**3/3 - 5*n**2 + n - 1. Let g(b) = b**2 + 11*b + 13. Let o be g(-2). Is u(o) a composite number?
True
Suppose 0*f - 4*f = -12. Suppose 2*a - 2*s = -2 - 0, a + 13 = -f*s. Is (-1)/a + (-5295)/(-20) a prime number?
False
Is -2518*(-4 + (3 - 0/4)) composite?
True
Suppose 10*p - 1760 = 6*p. Suppose 543 = -3*f + 8*f + 3*z, -4*f - z + p = 0. Is f a prime number?
False
Let s(b) = b**2 - 7*b - 1. Let h be s(7). Let n be h - 8/(-2)*1. Suppose n*p + 793 = 5*u, -p - 82 = -3*u + 393. Is u a prime number?
False
Is -4*(-25)/(-40)*13990/(-25) prime?
True
Let l be -2*4/8*30*-41. Let o = 515 + l. Is o prime?
False
Let d(c) = c**3 - 4*c**2 - 4*c - 1. Let q be d(5). Is 2 - 24/q - -57 a composite number?
False
Suppose 4*c = 3*n + 77, c = -4*n + 4 + 1. Suppose 0 = -2*x + z + 903, 3*z + c - 2 = 0. Is x a prime number?
True
Suppose 2*r + 10517 - 39783 = 0. Is r a composite number?
False
Let t(w) = -w + 4 + 2 + 6. Is t(-10) a prime number?
False
Is ((-31)/(-93))/((-4)/(-23676)) composite?
False
Let k(h) = 1659*h**3 + h**2 - h. Let v be k(1). Suppose -4*g + g = -v. Is g a composite number?
True
Let r be (-1)/(5 - (-7676)/(-1535)). Let j = r + 3264. Is j a prime number?
True
Let g = 239 - 111. Let o = 205 - g. Is o prime?
False
Let f(c) = 3572*c**3 + 3*c**2 - 4*c. Is f(1) prime?
True
Let l = -761 + 1302. Is l a composite number?
False
Let y = -1423 - -2489. Suppose 2*v = 4*g - y, -g + 3*v = -3*g + 521. Is g prime?
False
Let l(k) = 42791*k**2 + 12*k - 12. Is l(1) a prime number?
False
Let s(b) = 294*b + 103. Is s(10) a prime number?
False
Is (2 - 5)*(-1767)/9 a composite number?
True
Suppose 42*o = 36*o + 44358. Is o composite?
False
Suppose -g = -z + 5*z - 10, -5*g + 3*z = -27. Suppose 8040 = g*x - 1026. Is x prime?
True
Let s(i) = 11*i - 4. Let w be s(4). Suppose 4*d - w = 164. Is d composite?
True
Suppose 5*k = -t + 16496, -t - 1807 = -3*k + 8089. Is k a prime number?
True
Let f = 3568 - -2171. Is f a composite number?
True
Suppose 0 = 3*j + 4*g - 14, -5*j + 22 = -2*j - 4*g. Suppose -2*i = -j*i + 316. Is i a prime number?
True
Let v(c) = c**3 + 4*c**2 + 2*c - 1. Let p be v(4). Suppose 0 = -t + p + 314. Is t a prime number?
True
Suppose g + 3*m - 9303 = 5*m, 5*g - 3*m - 46480 = 0. Is g a prime number?
True
Let q be ((-15)/6)/((-2)/(-4)). Let m(l) = -6*l - 1 + 0 - 9*l + 10 + l. Is m(q) prime?
True
Let q(a) = -189*a - 191. Is q(-6) prime?
False
Let q = 4 - 1. Suppose 1201 = 4*m - 5*r, q*m - 4*r = 4*m - 295. Is m a prime number?
False
Let c(x) = 18*x**2 - 5*x - 41. Is c(-8) a prime number?
True
Suppose 2*w - 75321 - 9009 = 2*j, 4*w - 168658 = 5*j. Is w prime?
False
Suppose 2*m = -0*m + 4. Let c = 304 - 183. Suppose -m*x = v - c, 5*x - 3*x + 3*v = 127. Is x composite?
False
Let l be 3/(-2) + (-2294)/(-4). Let c(q) = -q**2 - 7*q - 1. Let s be c(-6). Suppose s*f = 5*b - 253 - l, 5*b = 4*f + 821. Is b prime?
False
Let z be 18/4*6/(-9). Let s be (-60)/(-4) + (z - 0). Is (-93)/(-5) - s/(-30) prime?
True
Let n(t) = 2*t + 9. Let v be n(-2). Suppose 0*a + 1083 = v*y + 2*a, 0 = 3*y + 4*a - 661. Is y a prime number?
False
Let n = -112 + 903. Is n composite?
True
Suppose -4*q - 53724 = -4*f, q + 68479 = 4*f + 14743. Is f prime?
False
Let b(p) = -p + 8. Let f be b(6). Suppose 5*i - 58 = 4*d, -7*i + f*i = 3*d - 79. Is i a composite number?
True
Suppose 4*b + 0*h = 2*h + 4538, -3*b - 5*h + 3371 = 0. Suppose 214 = 2*l - 2*o - b, -5*l + o + 3349 = 0. Is l a composite number?
True
Let a(u) = 2213*u + 20. Is a(7) prime?
True
Let j(a) = 2269*a - 366. Is j(31) a prime number?
False
Suppose -5*u + 2 = y, -8 = -2*y - 2*y + u. Let b(f) = f - 44*f + y - 7 + 7*f. Is b(-6) a prime number?
True
Let b(n) = -153*n - 16. Let i be b(-10). Let y = -847 + i. Is y prime?
False
Suppose 3*c = -3*g - 18, -3*c + 2*g - 4*g = 20. Let i be 6*c/12 + 15. Is 1 + 1 - (-7579)/i composite?
False
Let g = 25 - 29. Let x(y) = -189*y + 3. Let i be x(g). Suppose 0 = -3*c + 6*c - i. Is c prime?
False
Let g(f) = 10*f**2 + 1. Let m be g(-1). Let q(l) = -m*l - 9*l - 11 + 0. Is q(-7) prime?
False
Let r = -468 - -1466. Is r a prime number?
False
Suppose -2*s + 142610 = -127016. Is s composite?
True
Let w(a) = -34*a**3 + 2*a**2 - 4*a - 7. Let v = 30 - 33. Is w(v) prime?
True
Let l(j) = 2*j**2 - 5. Let w(y) = 1. Let k(s) = l(s) + 2*w(s). Suppose -4*x + 20 = -8. Is k(x) a composite number?
True
Suppose -4*i + 2*g - 7 = 3*g, 0 = -5*i + 2*g - 25. Let s(l) = -5*l**3 - 4*l**2 - 2*l + 1. Is s(i) prime?
False
Suppose 0 = 4*x + 20 - 4, -4*x - 132552 = -4*z. Is z a prime number?
False
Suppose -35894 = 94*q - 97*q - 4*g, -4*q + g = -47846. Is q composite?
True
Suppose -d + 920 = d. Let h = d + -286. Suppose 2*m = -m + h. Is m prime?
False
Is (-3185714)/(-26) + 48/(-104) composite?
False
Suppose 42424 = 3*x + f, -3529 - 38892 = -3*x + 2*f. Is x prime?
False
Suppose 33368 = 2*u - 3*i, i = -75*u + 73*u + 33360. Is u a composite number?
True
Suppose -8*v - 1803 + 16595 = 0. Let j = v + -954. Is j prime?
False
Let b = -4 + -8. Let y = -5 - b. Suppose -y*g + 2*g = -2225. Is g a composite number?
True
Suppose 0 = s + 2*a - 10725, -3*s + 4*a + 10501 + 21694 = 0. Is s prime?
True
Suppose -9*x + 12*x - 80287 = -4*h, 3*h = -x + 26764. Is x a composite number?
True
Let z = 41 + -26. Suppose 18*y = z*y + 3513. Is y a prime number?
True
Suppose 2*z - 2 = 0, -2*z = -2*a + 4*a - 32. Suppose -2*q = -7*q + a. Let j(p) = 2*p**3 - p**2 + 4*p - 4. Is j(q) composite?
False
Let p be (-2 + 1)*-882*14/4. Let l = p - 2078. Is l a prime number?
True
Let r = -2253 - -4614. Is r composite?
True
Let y(c) = 22*c**2 - 3*c - 8. Suppose -5*a = -4*w + 44, a + 22 = 3*w - 0*w. Let m be y(w). Let h = m - 153. Is h composite?
False
Suppose -5*d = -3*a + 2*a + 17, -3*a - 2*d = 17. Is a + 2 + (4 - 1) + 2015 a composite number?
False
Let d = 28 - 60. Suppose 0 = 3*y + 9, 4*y - 26 = -4*s + 2*y. Is ((-211)/4)/(s/d) a composite number?
False
Let z be (-64)/(-6) - (-6)/18. Suppose 5*b = -15, -3*m - z - 13 = 3*b. Let i(j) = -3*j - 5. Is i(m) composite?
True
Is 36309 - (-3 + 6 - -7) composite?
False
Let j(p) = 0 - 7*p + 3*p - 4 + 3. Suppose n = -3*n - 32. Is j(n) a prime number?
True
Let u = -21 - -12. Is ((-3)/u)/((-1)/(-4443)) a prime number?
True
Suppose 0 = -5*j - 39 + 54. Is (-183)/(((-12)/4)/j) a composite number?
True
Suppose 0 = 5*b + 153 - 6748. Is b composite?
False
Is (-72)/192 - 654700/(-32) a prime number?
False
Suppose k - 4*k = -v + 2471, 0 = -4*k - 16. Is v a composite number?
False
Let w be 30/20*(-16)/(-6). Is 961 - w*4/8 composite?
True
Let u = 66 - 63. Let k = -148 + 285. Is 3*k + (1 - u) a composite number?
False
Let n(p) = 8*p**2 - 24*p + 17. Is n(21) composite?
False
Suppose -6*z = -9828 - 14106. Is z a prime number?
True
Let k be (-12)/9 + (-1655)/(-15). Suppose -v + n + 99 + k = 0, 837 = 4*v + n. Is v prime?
False
Let m(d) = 6*d**2 + 64*d - 53. Is m(-50) prime?
False
Suppose 2*i - 3*i + w = 0, i + 4*w = 10. Suppose 0 = 2*u - f + 1, 0*u - 22 = -u - 4*f. Suppose 4*d - i*p - 340 = 0, -4*d - p + u*p